it of 6346460233?
6
What is the thousands digit of 3235506568?
6
What is the units digit of 1158616761?
1
What is the ten millions digit of 74562028?
7
What is the thousands digit of 92579966?
9
What is the tens digit of 230010321?
2
What is the ten millions digit of 130250343?
3
What is the tens digit of 866490669?
6
What is the millions digit of 684313322?
4
What is the ten millions digit of 2183363063?
8
What is the hundred thousands digit of 227249921?
2
What is the hundred millions digit of 6231289009?
2
What is the hundred thousands digit of 3981426825?
4
What is the tens digit of 1312289405?
0
What is the thousands digit of 90670315?
0
What is the ten millions digit of 42069763?
4
What is the units digit of 43131277?
7
What is the hundred thousands digit of 25299114?
2
What is the units digit of 231017036?
6
What is the ten thousands digit of 3161261955?
6
What is the hundred thousands digit of 83930526?
9
What is the thousands digit of 1541404462?
4
What is the thousands digit of 1040732561?
2
What is the hundred thousands digit of 366977591?
9
What is the thousands digit of 6186066?
6
What is the thousands digit of 30900002?
0
What is the thousands digit of 1345285918?
5
What is the units digit of 847741270?
0
What is the tens digit of 582017189?
8
What is the hundred thousands digit of 84636120?
6
What is the thousands digit of 667265933?
5
What is the millions digit of 151306742?
1
What is the ten thousands digit of 59733533?
3
What is the thousands digit of 183987087?
7
What is the thousands digit of 3312621241?
1
What is the tens digit of 3046414142?
4
What is the ten millions digit of 41885316?
4
What is the thousands digit of 118119186?
9
What is the ten thousands digit of 492601304?
0
What is the ten millions digit of 979639500?
7
What is the millions digit of 5122410293?
2
What is the ten thousands digit of 20872901?
7
What is the units digit of 38621497?
7
What is the tens digit of 7254315?
1
What is the hundred millions digit of 1330409811?
3
What is the units digit of 526380068?
8
What is the hundreds digit of 7683683365?
3
What is the ten thousands digit of 124602584?
0
What is the tens digit of 90478454?
5
What is the hundred thousands digit of 83286470?
2
What is the ten thousands digit of 368239215?
3
What is the ten thousands digit of 109792969?
9
What is the ten thousands digit of 103185184?
8
What is the ten thousands digit of 266498953?
9
What is the tens digit of 261552259?
5
What is the ten millions digit of 128167189?
2
What is the tens digit of 3312326604?
0
What is the millions digit of 14591820?
4
What is the thousands digit of 61499212?
9
What is the tens digit of 2702908174?
7
What is the units digit of 225281551?
1
What is the hundred thousands digit of 81232968?
2
What is the ten thousands digit of 979560850?
6
What is the ten thousands digit of 42386809?
8
What is the ten thousands digit of 26783539?
8
What is the ten thousands digit of 1651349348?
4
What is the millions digit of 3998374681?
8
What is the ten thousands digit of 34158280?
5
What is the thousands digit of 34899900?
9
What is the millions digit of 770081257?
0
What is the tens digit of 563521194?
9
What is the tens digit of 6549421666?
6
What is the thousands digit of 95727181?
7
What is the thousands digit of 1524641737?
1
What is the ten thousands digit of 939727490?
2
What is the units digit of 3011396?
6
What is the units digit of 79897802?
2
What is the millions digit of 5568326009?
8
What is the hundred millions digit of 5188087022?
1
What is the thousands digit of 247971534?
1
What is the ten thousands digit of 475177484?
7
What is the ten thousands digit of 6917118?
1
What is the hundred thousands digit of 4796121813?
1
What is the hundred thousands digit of 188589974?
5
What is the thousands digit of 222660911?
0
What is the units digit of 28902586?
6
What is the millions digit of 274289763?
4
What is the hundred thousands digit of 170050160?
0
What is the ten thousands digit of 445309246?
0
What is the thousands digit of 40526786?
6
What is the hundreds digit of 1213904164?
1
What is the ten millions digit of 14624897?
1
What is the units digit of 115746499?
9
What is the thousands digit of 88973215?
3
What is the millions digit of 67496128?
7
What is the ten millions digit of 126333425?
2
What is the thousands digit of 296887875?
7
What is the thousands digit of 195401806?
1
What is the tens digit of 1701409954?
5
What is the hundreds digit of 1983553639?
6
What is the millions digit of 47986554?
7
What is the tens digit of 6207622546?
4
What is the thousands digit of 262103035?
3
What is the hundred thousands digit of 39979573?
9
What is the hundred thousands digit of 1991350?
9
What is the hundred thousands digit of 78897662?
8
What is the hundreds digit of 91487746?
7
What is the ten millions digit of 218703846?
1
What is the ten millions digit of 61235455?
6
What is the thousands digit of 1941436542?
6
What is the millions digit of 84107009?
4
What is the ten millions digit of 46752797?
4
What is the units digit of 917864138?
8
What is the ten thousands digit of 563347179?
4
What is the millions digit of 47286823?
7
What is the ten thousands digit of 218035725?
3
What is the units digit of 657263783?
3
What is the hundred thousands digit of 670481771?
4
What is the thousands digit of 482375133?
5
What is the ten millions digit of 26752507?
2
What is the hundred millions digit of 218617536?
2
What is the hundreds digit of 82061912?
9
What is the millions digit of 1857029008?
7
What is the ten millions digit of 350481476?
5
What is the tens digit of 1418580975?
7
What is the units digit of 9037526?
6
What is the billions digit of 1830225543?
1
What is the ten millions digit of 25120062?
2
What is the ten millions digit of 854287780?
5
What is the units digit of 5300981950?
0
What is the millions digit of 3375707791?
5
What is the hundred thousands digit of 828595471?
5
What is the hundred thousands digit of 267782568?
7
What is the millions digit of 2224244849?
4
What is the hundred thousands digit of 16649918?
6
What is the hundred thousands digit of 592694119?
6
What is the millions digit of 529609626?
9
What is the hundred thousands digit of 992473040?
4
What is the ten millions digit of 215219365?
1
What is the hundred thousands digit of 107464355?
4
What is the hundreds digit of 919130032?
0
What is the tens digit of 175178617?
1
What is the millions digit of 587915723?
7
What is the tens digit of 65893966?
6
What is the units digit of 2817692684?
4
What is the millions digit of 1479172125?
9
What is the units digit of 82730817?
7
What is the units digit of 3621146384?
4
What is the hundred millions digit of 109110407?
1
What is the ten thousands digit of 11901886?
0
What is the ten millions digit of 453193471?
5
What is the hundreds digit of 117460970?
9
What is the ten millions digit of 388010909?
8
What is the billions digit of 2596353685?
2
What is the units digit of 1379573588?
8
What is the tens digit of 546564088?
8
What is the tens digit of 274259684?
8
What is the units digit of 361008195?
5
What is the ten millions digit of 18264618?
1
What is the units digit of 639512533?
3
What is the hundreds digit of 771216900?
9
What is the ten millions digit of 146356228?
4
What is the millions digit of 92854324?
2
What is the hundreds digit of 105110479?
4
What is the thousands digit of 720101676?
1
What is the millions digit of 2207569248?
7
What is the hundred millions digit of 2221208711?
2
What is the hundred thousands digit of 1204893616?
8
What is the thousands digit of 53145186?
5
What is the hundreds digit of 3689427859?
8
What is the hundreds digit of 330386905?
9
What is the millions digit of 3667893417?
7
What is the units digit of 2736464290?
0
What is the hundred thousands digit of 45677843?
6
What is the units digit of 121757815?
5
What is the ten thousands digit of 95885236?
8
What is the units digit of 530198012?
2
What is the millions digit of 690890609?
0
What is the hundred thousands digit of 68334856?
3
What is the ten thousands digit of 287393637?
9
What is the hundred thousands digit of 47608012?
6
What is the hundred millions digit of 3264492567?
2
What is the millions digit of 8557107?
8
What is